{"id":6543,"date":"2019-07-25T16:57:34","date_gmt":"2019-07-25T14:57:34","guid":{"rendered":"https:\/\/www.olfasense.com\/noseletter-subscription\/"},"modified":"2020-08-03T14:17:28","modified_gmt":"2020-08-03T12:17:28","slug":"noseletter-subscription","status":"publish","type":"page","link":"https:\/\/www.olfasense.com\/pt-pt\/noseletter-subscription\/","title":{"rendered":"Noseletter \u2013 Subscri\u00e7\u00e3o"},"content":{"rendered":"<p>Obrigado pelo seu interesse na <em>Noseletter<\/em> da Olfasense, que informa sobre os acontecimentos e novidades no mundo dos odores e na nossa empresa. Ao preencher o formul\u00e1rio abaixo, iremos adicion\u00e1-lo \u00e0 nossa lista de emails. Teremos todo o gosto em ajud\u00e1-lo a manter-se a par das \u00faltimas novidades sobre gest\u00e3o de odores.<\/p>\n<p>Ao realizar a sua inscri\u00e7\u00e3o atrav\u00e9s do formul\u00e1rio, tamb\u00e9m dever\u00e1 indicar que leu, compreendeu e que concorda com as nossas <strong><a href=\"https:\/\/www.olfasense.com\/pt-pt\/noseletter-subscription\/noseletter-conditions-of-subscription\/\">Condi\u00e7\u00f5es de Subscri\u00e7\u00e3o<\/a><\/strong> e com a <a href=\"https:\/\/www.olfasense.com\/pt-pt\/privacidade-de-dados\/\"><strong>Declara\u00e7\u00e3o de Prote\u00e7\u00e3o de Dados<\/strong><\/a> nelas citada.\u00a0 Depois de se inscrever, enviar-lhe-emos um e-mail. Por favor, confirme a sua subscri\u00e7\u00e3o clicando na hiperliga\u00e7\u00e3o no e-mail.<\/p>\n<p>Se por algum motivo n\u00e3o desejar receber a <em>Noseletter<\/em>, pode cancelar a sua subscri\u00e7\u00e3o a qualquer momento. Para isso basta carregar na hiperliga\u00e7\u00e3o para remover o seu e-mail da nossa lista que aparece no fim de todas as <em>Noseletters<\/em>.<\/p>\n","protected":false},"excerpt":{"rendered":"Obrigado pelo seu interesse na Noseletter da Olfasense, que informa sobre os acontecimentos e novidades no mundo dos odores e na nossa empresa. Ao preencher o formul\u00e1rio abaixo, iremos adicion\u00e1-lo \u00e0 nossa lista de emails. Teremos todo o gosto em ajud\u00e1-lo a manter-se a par das \u00faltimas novidades sobre gest\u00e3o de odores. Ao realizar a","protected":false},"author":1,"featured_media":0,"parent":0,"menu_order":0,"comment_status":"closed","ping_status":"closed","template":"page-templates\/page-layout.php","meta":{"_acf_changed":false,"footnotes":""},"class_list":["post post-type-page post-view- post-scope-","status-publish","clear"],"acf":[],"_links":{"self":[{"href":"https:\/\/www.olfasense.com\/pt-pt\/wp-json\/wp\/v2\/pages\/6543","targetHints":{"allow":["GET"]}}],"collection":[{"href":"https:\/\/www.olfasense.com\/pt-pt\/wp-json\/wp\/v2\/pages"}],"about":[{"href":"https:\/\/www.olfasense.com\/pt-pt\/wp-json\/wp\/v2\/types\/page"}],"author":[{"embeddable":true,"href":"https:\/\/www.olfasense.com\/pt-pt\/wp-json\/wp\/v2\/users\/1"}],"replies":[{"embeddable":true,"href":"https:\/\/www.olfasense.com\/pt-pt\/wp-json\/wp\/v2\/comments?post=6543"}],"version-history":[{"count":3,"href":"https:\/\/www.olfasense.com\/pt-pt\/wp-json\/wp\/v2\/pages\/6543\/revisions"}],"predecessor-version":[{"id":12295,"href":"https:\/\/www.olfasense.com\/pt-pt\/wp-json\/wp\/v2\/pages\/6543\/revisions\/12295"}],"wp:attachment":[{"href":"https:\/\/www.olfasense.com\/pt-pt\/wp-json\/wp\/v2\/media?parent=6543"}],"curies":[{"name":"wp","href":"https:\/\/api.w.org\/{rel}","templated":true}]}}

Noseletter – Subscrição

<p>Obrigado pelo seu interesse na <em>Noseletter</em> da Olfasense, que informa sobre os acontecimentos e novidades no mundo dos odores e na nossa empresa. Ao preencher o formulário abaixo, iremos adicioná-lo à nossa lista de emails. Teremos todo o gosto em ajudá-lo a manter-se a par das últimas novidades sobre gestão de odores.</p>
<p>Ao realizar a sua inscrição através do formulário, também deverá indicar que leu, compreendeu e que concorda com as nossas <strong><a href="https://www.olfasense.com/pt-pt/noseletter-subscription/noseletter-conditions-of-subscription/">Condições de Subscrição</a></strong> e com a <a href="https://www.olfasense.com/pt-pt/privacidade-de-dados/"><strong>Declaração de Proteção de Dados</strong></a> nelas citada.  Depois de se inscrever, enviar-lhe-emos um e-mail. Por favor, confirme a sua subscrição clicando na hiperligação no e-mail.</p>
<p>Se por algum motivo não desejar receber a <em>Noseletter</em>, pode cancelar a sua subscrição a qualquer momento. Para isso basta carregar na hiperligação para remover o seu e-mail da nossa lista que aparece no fim de todas as <em>Noseletters</em>.</p>

Obrigado pelo seu interesse na Noseletter da Olfasense, que informa sobre os acontecimentos e novidades no mundo dos odores e na nossa empresa. Ao preencher o formulário abaixo, iremos adicioná-lo à nossa lista de emails. Teremos todo o gosto em ajudá-lo a manter-se a par das últimas novidades sobre gestão de odores. Ao realizar a
